Calculate the highest common divisor of 70 and 803997992.
14
What is the highest common factor of 3008516 and 16?
4
Calculate the highest common factor of 1504294 and 21109.
1111
What is the greatest common divisor of 138 and 31884969?
69
What is the highest common factor of 14670140 and 52600?
5260
Calculate the greatest common factor of 3213 and 6312831.
357
What is the highest common divisor of 1779487204 and 7348?
7348
What is the highest common divisor of 16 and 54880552?
8
Calculate the highest common factor of 2385540 and 48.
12
What is the highest common divisor of 4548264 and 1764?
84
What is the greatest common divisor of 7250 and 20173500?
250
Calculate the greatest common divisor of 496 and 109718300.
124
What is the greatest common factor of 105752774 and 9532?
4766
What is the highest common factor of 6940 and 11617213?
347
Calculate the greatest common divisor of 301 and 193061959.
43
What is the highest common divisor of 438912 and 144399?
381
What is the highest common divisor of 286043286 and 18?
6
Calculate the highest common factor of 12672 and 11848.
8
Calculate the greatest common divisor of 248 and 41360820.
124
Calculate the greatest common divisor of 351642 and 3088146.
618
What is the highest common divisor of 25292314 and 157684?
998
What is the highest common factor of 28 and 536803232?
28
What is the highest common divisor of 48009312 and 128?
32
Calculate the greatest common factor of 52 and 3617887.
13
Calculate the greatest common factor of 1276794 and 2628.
18
What is the greatest common divisor of 330727530 and 3535?
3535
Calculate the highest common divisor of 1632 and 34716618.
102
What is the greatest common factor of 182787 and 36279?
87
Calculate the highest common factor of 462 and 3783164.
154
What is the greatest common divisor of 12044370 and 6890?
130
Calculate the greatest common divisor of 3576 and 314481784.
1192
Calculate the highest common divisor of 578576250 and 2170.
2170
What is the highest common factor of 120481283 and 19604?
4901
What is the greatest common divisor of 20 and 48920?
20
What is the greatest common divisor of 2461669 and 448?
7
Calculate the greatest common factor of 1313936719 and 563.
563
What is the greatest common factor of 148802084 and 2956?
2956
What is the greatest common factor of 632419 and 32818?
269
What is the highest common factor of 13513401 and 18?
9
Calculate the highest common factor of 7272 and 36117398.
202
What is the highest common factor of 461747 and 32461?
143
What is the greatest common factor of 43427177 and 6640?
83
Calculate the greatest common factor of 118966 and 408.
34
What is the highest common divisor of 394094918 and 28?
14
Calculate the highest common divisor of 2793040 and 985.
5
What is the highest common divisor of 73 and 302192625?
73
What is the highest common factor of 22672 and 16326456?
872
Calculate the highest common factor of 58 and 717226.
2
What is the highest common factor of 704 and 514396?
4
What is the highest common divisor of 804075 and 45?
15
Calculate the greatest common divisor of 65376 and 2591136.
288
Calculate the greatest common divisor of 60160 and 10560.
320
What is the greatest common divisor of 6485688 and 3564?
396
What is the greatest common divisor of 89675 and 55925?
25
Calculate the highest common divisor of 52812253 and 26.
13
What is the greatest common factor of 1888 and 104433776?
944
Calculate the highest common factor of 10973448 and 600.
24
Calculate the greatest common factor of 118188 and 419048.
196
What is the greatest common divisor of 861992 and 39025468?
8132
What is the highest common factor of 9650 and 2350?
50
Calculate the greatest common divisor of 3894244 and 1288.
4
What is the greatest common divisor of 637 and 49219079?
637
Calculate the highest common factor of 497832 and 64.
8
Calculate the greatest common factor of 7635817 and 392.
49
Calculate the highest common factor of 15113226 and 564.
282
What is the highest common factor of 16684514 and 13447?
119
What is the highest common factor of 17552990 and 65520?
910
Calculate the greatest common factor of 2220950 and 3040.
10
What is the greatest common factor of 585848064 and 2304?
768
Calculate the highest common divisor of 2248 and 56120758.
562
What is the greatest common factor of 14290 and 11035?
5
Calculate the highest common divisor of 612918 and 38709.
153
Calculate the highest common divisor of 6349824 and 123136.
3328
Calculate the highest common factor of 10199 and 56.
7
What is the greatest common divisor of 13192 and 463466?
194
What is the highest common divisor of 477 and 70771059?
477
What is the highest common divisor of 173097 and 44537217?
6411
Calculate the greatest common divisor of 12230541 and 135.
27
What is the highest common factor of 26117776 and 152?
8
Calculate the highest common divisor of 7650 and 2258430450.
2550
What is the greatest common factor of 30798354 and 177?
177
What is the highest common factor of 2292148 and 1251788?
3356
What is the highest common divisor of 2137630 and 110?
110
Calculate the greatest common divisor of 3267 and 3627927.
9
What is the highest common factor of 500500638 and 3366?
3366
What is the highest common divisor of 320 and 2867536?
16
What is the highest common divisor of 49270244 and 727?
727
Calculate the greatest common divisor of 743097 and 1139.
67
What is the highest common factor of 35 and 17336410?
35
What is the greatest common divisor of 1165 and 2435262410?
1165
What is the highest common factor of 5858744 and 90712?
3128
Calculate the greatest common divisor of 9225 and 46800.
225
What is the greatest common divisor of 407184 and 138?
6
Calculate the highest common divisor of 428815079 and 994.
497
What is the greatest common factor of 24 and 3590910?
6
Calculate the highest common factor of 1589456 and 36784.
1936
Calculate the highest common factor of 565 and 7040095.
5
What is the highest common factor of 9 and 65473?
1
Calculate the highest common divisor of 1 and 182095987.
1
What is the highest common factor of 1442216 and 4387?
41
Calculate the highest common factor of 2178 and 159829626.
726
What is the highest common divisor of 54 and 16244370?
18
Calculate the highest common divisor of 125097 and 2550891.
5439
What is the greatest common factor of 40752 and 4176?
144
What is the highest common divisor of 236311 and 51322?
383
Calculate the highest common divisor of 57741594 and 699.
699
What is the greatest common divisor of 8 and 628832?
8
Calculate the highest common factor of 182317963 and 6406.
3203
What is the highest common divisor of 1656 and 392706?
18
What is the highest common factor of 2522 and 35813661?
1261
What is the highest common divisor of 18130109 and 85?
17
What is the greatest common factor of 628 and 1382230826?
314
What is the highest common divisor of 36780 and 2859420?
60
What is the highest common factor of 559550 and 36425?
775
What is the highest common factor of 2268 and 627648?
84
What is the greatest common factor of 6129932 and 8588?
76
What is the highest common divisor of 1929870 and 487080?
3690
What is the greatest common factor of 12643664 and 1368?
152
Calculate the highest common factor of 43416145 and 23430.
355
Calculate the highest common divisor of 7298 and 13399538.
82
Calculate the highest common factor of 66 and 152958938.
22
Calculate the highest common factor of 1 and 57303671.
1
Calculate the greatest common factor of 16392 and 35662845.
2049
Calculate the highest common factor of 1408 and 1323656576.
1408
What is the greatest common divisor of 1592324253 and 2847?
2847
Calculate the greatest common divisor of 67308365 and 7955.
185
Calculate the greatest common factor of 14773106 and 112051.
1259
What is the highest common factor of 112003101 and 27?
27
Calculate the greatest common factor of 104255376 and 16.
16
Calculate the greatest common factor of 4488 and 360965352.
4488
Calculate the greatest common divisor of 77 and 18552226.
77
Calculate the greatest common divisor of 549 and 21371106.
183
What is the greatest common divisor of 2033 and 159163?
19
What is the greatest common divisor of 6861671 and 415668?
3149
Calculate the highest common factor of 57036268 and 212.
212
What is t